*w + 18600 = 133*w. What is the greatest common divisor of 174 and w?
6
Let g(t) = 0*t**2 + 14 - 7*t**2 - 5*t - t**3 + t**2 + 2. Let d be g(-4). Suppose d*j = 12*j - 1672. What is the greatest common factor of 19 and j?
19
Let k = 1350 + -1219. Calculate the greatest common divisor of 7729 and k.
131
Let p(t) = 61*t - 432. Let f be p(10). What is the greatest common factor of 1513 and f?
89
Let i(x) = 2*x - 10. Let m be -7 + 10 + 4 + -1. Let r be i(m). Suppose -r*n + 19 + 57 = 0. What is the greatest common factor of n and 95?
19
Let p = -3851 + 3856. Calculate the greatest common factor of 1095 and p.
5
Suppose 2*g + 2296 = 4*n, n - 1210*g + 1214*g - 592 = 0. Calculate the highest common divisor of n and 744.
24
Suppose v + v - 4*q - 12 = 0, 2*q + 12 = 4*v. Let f be 114/v - (-12)/(-3). Suppose f = 4*t - 19. What is the highest common divisor of 18 and t?
18
Let r be (72/(-14))/((-722)/2527). What is the highest common factor of 1356 and r?
6
Let h(v) = 86*v**2 - 34*v - 76. Let g be h(5). Calculate the highest common factor of 6800 and g.
272
Suppose 5192 - 845 = 21*p. Suppose 281 = 4*o - d, 3*o + 0*d = 2*d + p. Calculate the greatest common divisor of 1349 and o.
71
Let h = -2695 + 3455. What is the greatest common factor of h and 30?
10
Let k(g) = g**3 + 2*g**2 + 31*g - 3. Let r be k(14). What is the greatest common divisor of r and 41?
41
Let r be 4*-2*(0 + -18). Let x(s) = 354*s - 22624. Let p be x(64). Calculate the highest common divisor of r and p.
16
Let g(w) be the third derivative of -w**4/24 + 11*w**3/3 + w**2 - 76. Let p = 12 + -4. Let i be g(p). Calculate the highest common factor of 14 and i.
14
Let j = -197 - -191. Let w(g) = 4*g**2 + 20*g - 2. Let d be w(j). Calculate the highest common factor of d and 44.
22
Suppose -958 = -5*j + 2*o - 147, 2*j + 3*o - 313 = 0. Calculate the greatest common factor of 15134 and j.
161
Let q be -1*2/4*7*-6. Suppose 447 = -q*d + 9267. Suppose 0 = -2*z + 4*z - 84. What is the greatest common divisor of z and d?
42
Let c = 19 - 61. Let x = 91 + c. Suppose -4*u + r + 27 = 0, -4*u + 4*r + 10 = -2*u. What is the highest common factor of u and x?
7
Suppose -4*q + 119 = 3*x, 3*x + 31 = 4*q - 34. Calculate the highest common divisor of q and 30176.
23
Suppose 3*r + 344 = 8*r - 2*l, 5*l - 225 = -3*r. Suppose 3*b + r = b. Let w be (360/b)/(9/(-42)). What is the greatest common factor of 12 and w?
12
Let f = -1529 - -1547. Calculate the highest common divisor of 4 and f.
2
Let l be -9 - (-1027)/117 - 1140/(-27). Calculate the highest common divisor of 498 and l.
6
Let v be (-24)/(1 - 7/4). Suppose 1280 = -243*n + 248*n. What is the greatest common divisor of v and n?
32
Let q = -6417 + 6615. What is the highest common divisor of 5841 and q?
99
Let k be 16512/144*(-9)/(-6). Calculate the greatest common factor of k and 1333.
43
Suppose 0 = 28*j - 30*j + 14. Let p be (378/12 - 2)*(j - -1). Calculate the highest common divisor of 4 and p.
4
Let t(y) = y**3 + 13*y**2 - 40*y + 38. Let k be t(-20). Let h be k/(-27) - 12/18. What is the greatest common factor of h and 132?
12
Suppose 3*z = -5 - 1. Let b = 16 - z. Let s(r) = r**3 + 30*r**2 + 154*r - 134. Let m be s(-23). What is the greatest common factor of b and m?
9
Let c = 12258 - 12184. Calculate the greatest common divisor of c and 148.
74
Suppose 5*t = -14*t + 152. Suppose 4 = -t*g + 20. Suppose 2*h - 386 = -g*d, -3*h + 2*d = -h - 382. What is the greatest common divisor of h and 48?
48
Let i be (-16)/(-10)*((-70)/4)/7. Let b be (-98)/(-8) + i + (-9)/(-12). What is the highest common factor of b and 15?
3
Suppose 4*s + 27*w - 2080 = 31*w, -2*w = 2*s - 1060. Calculate the greatest common divisor of s and 1295.
35
Let a(y) = 3*y**3 - 39*y**2 - 6*y + 480. Let h be a(20). What is the greatest common factor of 80 and h?
40
Suppose -2*y = 5*w - 44, -8 = -5*w + 3*w. Let r = 930 - 582. Suppose 4*t - r = 180. Calculate the greatest common divisor of y and t.
12
Let b(i) = 27*i**2 + 19*i + 260. Let q be b(-8). What is the highest common divisor of 51 and q?
51
Let b = 114 - 73. Let c = b - 130. Let y = c + 91. What is the highest common divisor of y and 10?
2
Suppose 2*u = 20*j - 17*j + 3, -4*j = 5*u + 27. Let b be (0 + 70/u)/(1/(-6)). What is the highest common divisor of b and 210?
70
Let l = -26504 - -28340. Calculate the highest common factor of 2052 and l.
108
Let k = 28 + -78. Let l = 56 + k. Calculate the highest common factor of 282 and l.
6
Let s(n) = -7*n - 50. Let w be s(-8). Suppose -2*o = 2*f - 34, -5*o - w*f = -11*f - 65. Calculate the greatest common factor of o and 10.
5
Let y = 5239 - 2405. What is the greatest common factor of 26 and y?
26
Let q be ((-648)/45)/((-30)/525). What is the highest common divisor of q and 5148?
36
Suppose 1037 = 28*q - 3163. What is the highest common factor of 19850 and q?
50
Let b = -66 - -94. Let n(v) = -v**3 + 29*v**2 - 30*v + 76. Let h be n(b). Calculate the greatest common factor of 5 and h.
5
Let s(t) = t**3 - 5*t**2 + 10*t - 10. Suppose 0 = -2*q - 1 + 7. Suppose l = q*l - 12. Let o be s(l). Calculate the highest common factor of 43 and o.
43
Let o(m) = -179*m + 2262. Let q be o(2). What is the greatest common factor of q and 748?
68
Suppose 0 = -k - 69 + 24. Let b be 1 + -1 + (-180)/k. Calculate the highest common factor of b and 108.
4
Let k(u) = 37*u - 1. Let l be k(3). Let x = 2273 + -2198. Suppose 70*r + l = x*r. What is the greatest common divisor of r and 176?
22
Let t be (-16 - -18)*(-21)/6. Let w(f) = f**2 + f + 4. Let i be w(t). Calculate the highest common factor of i and 138.
46
Let f be ((-75)/750*-650)/(((-5)/(-3))/1). Let w = -1250 + 1913. Calculate the highest common divisor of w and f.
39
Let o be 20*1 + (-1 - 0). Suppose 0 = 620*g + 2269 - 61169. What is the highest common factor of o and g?
19
Let x = 3 + -3. Let f(w) = w**3 + w**2 - 7*w + 8. Let y be f(2). Suppose -4*j + y*m + 30 = m, -j + 5*m + 15 = x. What is the highest common divisor of 20 and j?
5
Suppose -4*v - 4 = 2*c, -5*v + 5*c = -9*v - 4. Let r be v/(-4*5/6080). Calculate the highest common factor of 16 and r.
16
Suppose 5*c = -l - 0*l + 96, -4*l + 405 = -c. Let n = l + -46. What is the highest common factor of 10 and n?
5
Suppose -m = -v + 2280, -5*v + 600*m + 11427 = 598*m. Calculate the highest common factor of v and 24.
3
Suppose 20*w - 6*w = 560. Let o be 2/2 - (-19 - (0 + 4)). What is the highest common factor of w and o?
8
Let f = 5664 + -5662. What is the highest common factor of 1248 and f?
2
Let y(c) = 5*c**2 + 1. Let k be y(1). Let w = -14292 - -14300. Calculate the highest common factor of k and w.
2
Suppose g - 13542 = 28*g - 249*g. Let s = 392 - 87. Calculate the greatest common factor of s and g.
61
Let s be ((-84)/10)/(((-3)/(-140))/(-1)). Suppose 0 = -2*r + v + 759, 5*v + 1141 = 4*r - s. What is the greatest common divisor of 13 and r?
13
Let t = 3430 + -3394. Calculate the highest common factor of t and 1500.
12
Let z(s) = 47*s**2 + 47*s - 246. Let f be z(5). Calculate the greatest common factor of 97 and f.
97
Let q(r) = 3*r**2 - 38*r - 437. Let t be q(-13). Calculate the highest common factor of t and 1598.
94
Suppose 33 = -48*u + 51*u. What is the greatest common divisor of 29 and u?
1
Let i(p) = p**3 - 13*p**2 + 14*p. Let z be i(12). Suppose 15*h - 7*h = 168. What is the greatest common factor of z and h?
3
Let x(c) = 15*c**3 - 16*c**2 - 6*c**3 + 2*c - 46 - 8*c**3 - 49*c. Let u be x(19). Calculate the highest common divisor of u and 192.
48
Suppose 72*w + 14928 = 96*w. Calculate the greatest common factor of w and 2.
2
Let d(r) = -13*r - 145. Suppose 65 = -34*u + 29*u. Let h be d(u). What is the greatest common divisor of h and 84?
12
Let x be 2916/216*(-6)/(-9). What is the greatest common divisor of x and 915?
3
Let a = -179 + 254. Let s be (39/(-5) + 0)/((-15)/a). Let x = s + -37. Calculate the highest common divisor of x and 22.
2
Suppose 4*g = -3*f + 924, -616*f + 618*f = g + 605. Calculate the greatest common factor of 437 and f.
19
Let p be -21*(-2 + (-2)/(-3)). Suppose -7*u = 5*t - 252, -u - 787 = -2*t - 690. Calculate the highest common factor of p and t.
7
Let x(p) = -249*p + 3161. Let t be x(-21). Calculate the highest common factor of t and 10.
10
Let f be (-270)/(-20)*928/174. Let c(z) = -z - 6. L